{"id":5804,"date":"2018-03-21T19:21:02","date_gmt":"2018-03-21T18:21:02","guid":{"rendered":"http:\/\/cecca.cloudxeral.com\/?page_id=5804"},"modified":"2018-04-18T11:56:50","modified_gmt":"2018-04-18T09:56:50","slug":"contacto","status":"publish","type":"page","link":"https:\/\/aula-cecca.es\/wp_xeral_25_02\/contacto\/","title":{"rendered":"Contacto"},"content":{"rendered":"<p>[vc_row full_width=\u00bbstretch_row\u00bb limit_row_width=\u00bb\u00bb full_height_row=\u00bb\u00bb css=\u00bb.vc_custom_1493997701876{padding-bottom: 100px !important;}\u00bb][vc_column offset=\u00bbvc_col-lg-6&#8243; css=\u00bb.vc_custom_1470256986500{padding-top: 30px !important;padding-bottom: 30px !important;}\u00bb][vc_column_text]<\/p>\n<h2><span class=\"text_linkhovercolor\">Informaci\u00f3n de contacto<\/span><\/h2>\n<p>[\/vc_column_text][vc_row_inner][vc_column_inner][vc_separator align=\u00bbalign_left\u00bb border_width=\u00bb4&#8243; el_width=\u00bb20&#8243; css=\u00bb.vc_custom_1493993778787{margin-bottom: 4px !important;}\u00bb][\/vc_column_inner][\/vc_row_inner][vc_row_inner][vc_column_inner width=\u00bb1\/2&#8243;][vc_cta h2=\u00bb\u00bb style=\u00bbcustom\u00bb add_icon=\u00bbleft\u00bb i_type=\u00bbnucleo_outline\u00bb i_icon_nucleo_outline=\u00bbnc-icon-outline ui-3_phone\u00bb i_color=\u00bbcustom\u00bb i_on_border=\u00bbtrue\u00bb i_custom_color=\u00bb#b9e85c\u00bb css=\u00bb.vc_custom_1521656726461{margin-left: 15px !important;padding-top: 0px !important;padding-bottom: 0px !important;}\u00bb]<strong>Tel\u00e9fono<br \/>\n<\/strong><a href=\"tel:+34982533347\">982 53 33 47<\/a>[\/vc_cta][\/vc_column_inner][vc_column_inner width=\u00bb1\/2&#8243;][vc_cta h2=\u00bb\u00bb style=\u00bbcustom\u00bb add_icon=\u00bbleft\u00bb i_type=\u00bbnucleo_outline\u00bb i_icon_nucleo_outline=\u00bbnc-icon-outline ui-1_email-85&#8243; i_color=\u00bbcustom\u00bb i_on_border=\u00bbtrue\u00bb i_custom_color=\u00bb#b9e85c\u00bb css=\u00bb.vc_custom_1524045462005{margin-left: 15px !important;padding-top: 0px !important;padding-bottom: 0px !important;}\u00bb]<strong>Email<br \/>\n<\/strong><a href=\"mailto:formacion@aula-cecca.es\/wp_xeral_25_02\">formacion@aula-cecca.es\/wp_xeral_25_02<\/a>[\/vc_cta][\/vc_column_inner][\/vc_row_inner][vc_row_inner css=\u00bb.vc_custom_1468489681030{padding-top: 0px !important;}\u00bb][vc_column_inner][vc_cta h2=\u00bb\u00bb style=\u00bbcustom\u00bb add_icon=\u00bbleft\u00bb i_type=\u00bbnucleo_outline\u00bb i_icon_nucleo_outline=\u00bbnc-icon-outline location_world-pin\u00bb i_color=\u00bbcustom\u00bb i_on_border=\u00bbtrue\u00bb i_custom_color=\u00bb#b9e85c\u00bb css=\u00bb.vc_custom_1524045518687{margin-left: 15px !important;padding-top: 0px !important;padding-bottom: 0px !important;}\u00bb]<strong>Direcci\u00f3n<br \/>\n<\/strong>R\u00faa Diego Pazos, 91 (Urb. Pontevella)<br \/>\n27600 Sarria (Lugo)[\/vc_cta][\/vc_column_inner][\/vc_row_inner][vc_row_inner][vc_column_inner][\/vc_column_inner][\/vc_row_inner][\/vc_column][vc_column offset=\u00bbvc_col-lg-6&#8243; css=\u00bb.vc_custom_1470256995465{padding-top: 30px !important;padding-bottom: 30px !important;}\u00bb][vc_column_text]<\/p>\n<h2><span class=\"text_linkhovercolor\">Env\u00edenos un mensaje<\/span><\/h2>\n<p>[\/vc_column_text][vc_row_inner][vc_column_inner][vc_separator align=\u00bbalign_left\u00bb border_width=\u00bb4&#8243; el_width=\u00bb20&#8243; css=\u00bb.vc_custom_1493993778787{margin-bottom: 4px !important;}\u00bb][\/vc_column_inner][\/vc_row_inner]\n<div class=\"wpcf7 no-js\" id=\"wpcf7-f5806-o1\" lang=\"es-ES\" dir=\"ltr\">\n<div class=\"screen-reader-response\"><p role=\"status\" aria-live=\"polite\" aria-atomic=\"true\"><\/p> <ul><\/ul><\/div>\n<form action=\"\/wp_xeral_25_02\/wp-json\/wp\/v2\/pages\/5804#wpcf7-f5806-o1\" method=\"post\" class=\"wpcf7-form init\" aria-label=\"Formulario de contacto\" novalidate=\"novalidate\" data-status=\"init\">\n<div style=\"display: none;\">\n<input type=\"hidden\" name=\"_wpcf7\" value=\"5806\" \/>\n<input type=\"hidden\" name=\"_wpcf7_version\" value=\"5.9\" \/>\n<input type=\"hidden\" name=\"_wpcf7_locale\" value=\"es_ES\" \/>\n<input type=\"hidden\" name=\"_wpcf7_unit_tag\" value=\"wpcf7-f5806-o1\" \/>\n<input type=\"hidden\" name=\"_wpcf7_container_post\" value=\"0\" \/>\n<input type=\"hidden\" name=\"_wpcf7_posted_data_hash\" value=\"\" \/>\n<input type=\"hidden\" name=\"_wpcf7_recaptcha_response\" value=\"\" \/>\n<\/div>\n<div class=\"row\">\n\t<div class=\"wpb_column vc_col-sm-6\">\n\t\t<p><span class=\"wpcf7-form-control-wrap\" data-name=\"your-name\"><input size=\"40\" class=\"wpcf7-form-control wpcf7-text wpcf7-validates-as-required\" aria-required=\"true\" aria-invalid=\"false\" placeholder=\"Nombre *\" value=\"\" type=\"text\" name=\"your-name\" \/><\/span>\n\t\t<\/p>\n\t<\/div>\n\t<div class=\"wpb_column vc_col-sm-6\">\n\t\t<p><span class=\"wpcf7-form-control-wrap\" data-name=\"your-email\"><input size=\"40\" class=\"wpcf7-form-control wpcf7-email wpcf7-validates-as-required wpcf7-text wpcf7-validates-as-email\" aria-required=\"true\" aria-invalid=\"false\" placeholder=\"Email *\" value=\"\" type=\"email\" name=\"your-email\" \/><\/span>\n\t\t<\/p>\n\t<\/div>\n\t<div class=\"wpb_column vc_col-sm-12\">\n\t\t<p><span class=\"wpcf7-form-control-wrap\" data-name=\"your-subject\"><input size=\"40\" class=\"wpcf7-form-control wpcf7-text wpcf7-validates-as-required\" aria-required=\"true\" aria-invalid=\"false\" placeholder=\"Asunto *\" value=\"\" type=\"text\" name=\"your-subject\" \/><\/span>\n\t\t<\/p>\n\t<\/div>\n\t<div class=\"wpb_column vc_col-sm-12\">\n\t\t<p><span class=\"wpcf7-form-control-wrap\" data-name=\"your-message\"><textarea cols=\"40\" rows=\"10\" class=\"wpcf7-form-control wpcf7-textarea\" aria-invalid=\"false\" placeholder=\"Mensaje\" name=\"your-message\"><\/textarea><\/span>\n\t\t<\/p>\n\t<\/div>\n\t<div class=\"wpb_column vc_col-sm-12\">\n\t\t<p><span class=\"wpcf7-form-control-wrap\" data-name=\"acceptance-307\"><span class=\"wpcf7-form-control wpcf7-acceptance\"><span class=\"wpcf7-list-item\"><input type=\"checkbox\" name=\"acceptance-307\" value=\"1\" aria-invalid=\"false\" \/><\/span><\/span><\/span> Conozco y acepto la <a href=\"\/aviso-legal\" target=\"_blank\">informaci\u00f3n legal y sobre privacidad<\/a>.\n\t\t<\/p>\n\t<\/div>\n\t<div class=\"wpb_column vc_col-sm-12\">\n\t\t<p><input class=\"wpcf7-form-control wpcf7-submit has-spinner\" type=\"submit\" value=\"ENVIAR\" \/>\n\t\t<\/p>\n\t<\/div>\n<\/div><div class=\"wpcf7-response-output\" aria-hidden=\"true\"><\/div>\n<\/form>\n<\/div>\n[\/vc_column][\/vc_row][vc_row full_width=\u00bbstretch_row_content_no_spaces\u00bb parallax=\u00bbyes\u00bb css=\u00bb.vc_custom_1493997075308{padding-top: 0px !important;padding-bottom: 0px !important;}\u00bb][vc_column][vc_gmaps link=\u00bb#E-8_JTNDaWZyYW1lJTIwc3JjJTNEJTIyaHR0cHMlM0ElMkYlMkZ3d3cuZ29vZ2xlLmNvbSUyRm1hcHMlMkZlbWJlZCUzRnBiJTNEJTIxMW0xNCUyMTFtOCUyMTFtMyUyMTFkMTE3MTMuMDQ2ODI3MzU1Njc0JTIxMmQtNy40MDc3MzQlMjEzZDQyLjc4MjgxNyUyMTNtMiUyMTFpMTAyNCUyMTJpNzY4JTIxNGYxMy4xJTIxM20zJTIxMW0yJTIxMXMweDAlMjUzQTB4ZGZiZDY1MWZiMjY5MWQ3MiUyMTJzQVVUT0VTQ1VFTEElMkJDRUNDQSUyMTVlMCUyMTNtMiUyMTFzZXMlMjEyc2VzJTIxNHYxNTIxNjU2NTEwMzU5JTIyJTIwd2lkdGglM0QlMjIxMDAlMjUlMjIlMjBoZWlnaHQlM0QlMjI0NTAlMjIlMjBmcmFtZWJvcmRlciUzRCUyMjAlMjIlMjBzdHlsZSUzRCUyMmJvcmRlciUzQTAlMjIlMjBhbGxvd2Z1bGxzY3JlZW4lM0UlM0MlMkZpZnJhbWUlM0U=\u00bb][\/vc_column][\/vc_row]<\/p>\n","protected":false},"excerpt":{"rendered":"<p>[vc_row full_width=\u00bbstretch_row\u00bb limit_row_width=\u00bb\u00bb full_height_row=\u00bb\u00bb css=\u00bb.vc_custom_1493997701876{padding-bottom: 100px !important;}\u00bb][vc_column offset=\u00bbvc_col-lg-6&#8243; css=\u00bb.vc_custom_1470256986500{padding-top: 30px !important;padding-bottom: 30px !important;}\u00bb][vc_column_text] Informaci\u00f3n de contacto [\/vc_column_text][vc_row_inner][vc_column_inner][vc_separator align=\u00bbalign_left\u00bb border_width=\u00bb4&#8243; el_width=\u00bb20&#8243; css=\u00bb.vc_custom_1493993778787{margin-bottom: 4px !important;}\u00bb][\/vc_column_inner][\/vc_row_inner][vc_row_inner][vc_column_inner width=\u00bb1\/2&#8243;][vc_cta h2=\u00bb\u00bb style=\u00bbcustom\u00bb add_icon=\u00bbleft\u00bb i_type=\u00bbnucleo_outline\u00bb i_icon_nucleo_outline=\u00bbnc-icon-outline ui-3_phone\u00bb i_color=\u00bbcustom\u00bb i_on_border=\u00bbtrue\u00bb i_custom_color=\u00bb#b9e85c\u00bb css=\u00bb.vc_custom_1521656726461{margin-left: 15px !important;padding-top: 0px !important;padding-bottom: 0px !important;}\u00bb]Tel\u00e9fono 982 53 33 47[\/vc_cta][\/vc_column_inner][vc_column_inner width=\u00bb1\/2&#8243;][vc_cta h2=\u00bb\u00bb style=\u00bbcustom\u00bb add_icon=\u00bbleft\u00bb i_type=\u00bbnucleo_outline\u00bb i_icon_nucleo_outline=\u00bbnc-icon-outline ui-1_email-85&#8243; i_color=\u00bbcustom\u00bb i_on_border=\u00bbtrue\u00bb i_custom_color=\u00bb#b9e85c\u00bb css=\u00bb.vc_custom_1524045462005{margin-left:<a class=\"read-more\" href=\"https:\/\/aula-cecca.es\/wp_xeral_25_02\/contacto\/\">Seguir leyendo <i class=\"fa fa-angle-right fa-lg\"><\/i><\/a><\/p>\n","protected":false},"author":2,"featured_media":0,"parent":0,"menu_order":0,"comment_status":"closed","ping_status":"closed","template":"","meta":{"content-type":"","_monsterinsights_skip_tracking":false,"_monsterinsights_sitenote_active":false,"_monsterinsights_sitenote_note":"","_monsterinsights_sitenote_category":0,"footnotes":""},"yoast_head":"<!-- This site is optimized with the Yoast SEO plugin v22.1 - https:\/\/yoast.com\/wordpress\/plugins\/seo\/ -->\n<title>Contacto - CECCA FORMACI\u00d3N<\/title>\n<meta name=\"robots\" content=\"index, follow, max-snippet:-1, max-image-preview:large, max-video-preview:-1\" \/>\n<link rel=\"canonical\" href=\"https:\/\/aula-cecca.es\/wp_xeral_25_02\/contacto\/\" \/>\n<meta property=\"og:locale\" content=\"es_ES\" \/>\n<meta property=\"og:type\" content=\"article\" \/>\n<meta property=\"og:title\" content=\"Contacto - CECCA FORMACI\u00d3N\" \/>\n<meta property=\"og:description\" content=\"[vc_row full_width=\u00bbstretch_row\u00bb limit_row_width=\u00bb\u00bb full_height_row=\u00bb\u00bb css=\u00bb.vc_custom_1493997701876{padding-bottom: 100px !important;}\u00bb][vc_column offset=\u00bbvc_col-lg-6&#8243; css=\u00bb.vc_custom_1470256986500{padding-top: 30px !important;padding-bottom: 30px !important;}\u00bb][vc_column_text] Informaci\u00f3n de contacto [\/vc_column_text][vc_row_inner][vc_column_inner][vc_separator align=\u00bbalign_left\u00bb border_width=\u00bb4&#8243; el_width=\u00bb20&#8243; css=\u00bb.vc_custom_1493993778787{margin-bottom: 4px !important;}\u00bb][\/vc_column_inner][\/vc_row_inner][vc_row_inner][vc_column_inner width=\u00bb1\/2&#8243;][vc_cta h2=\u00bb\u00bb style=\u00bbcustom\u00bb add_icon=\u00bbleft\u00bb i_type=\u00bbnucleo_outline\u00bb i_icon_nucleo_outline=\u00bbnc-icon-outline ui-3_phone\u00bb i_color=\u00bbcustom\u00bb i_on_border=\u00bbtrue\u00bb i_custom_color=\u00bb#b9e85c\u00bb css=\u00bb.vc_custom_1521656726461{margin-left: 15px !important;padding-top: 0px !important;padding-bottom: 0px !important;}\u00bb]Tel\u00e9fono 982 53 33 47[\/vc_cta][\/vc_column_inner][vc_column_inner width=\u00bb1\/2&#8243;][vc_cta h2=\u00bb\u00bb style=\u00bbcustom\u00bb add_icon=\u00bbleft\u00bb i_type=\u00bbnucleo_outline\u00bb i_icon_nucleo_outline=\u00bbnc-icon-outline ui-1_email-85&#8243; i_color=\u00bbcustom\u00bb i_on_border=\u00bbtrue\u00bb i_custom_color=\u00bb#b9e85c\u00bb css=\u00bb.vc_custom_1524045462005{margin-left:Seguir leyendo\" \/>\n<meta property=\"og:url\" content=\"https:\/\/aula-cecca.es\/wp_xeral_25_02\/contacto\/\" \/>\n<meta property=\"og:site_name\" content=\"CECCA FORMACI\u00d3N\" \/>\n<meta property=\"article:modified_time\" content=\"2018-04-18T09:56:50+00:00\" \/>\n<meta name=\"twitter:card\" content=\"summary_large_image\" \/>\n<meta name=\"twitter:label1\" content=\"Tiempo de lectura\" \/>\n\t<meta name=\"twitter:data1\" content=\"2 minutos\" \/>\n<script type=\"application\/ld+json\" class=\"yoast-schema-graph\">{\"@context\":\"https:\/\/schema.org\",\"@graph\":[{\"@type\":\"WebPage\",\"@id\":\"https:\/\/aula-cecca.es\/wp_xeral_25_02\/contacto\/\",\"url\":\"https:\/\/aula-cecca.es\/wp_xeral_25_02\/contacto\/\",\"name\":\"Contacto - CECCA FORMACI\u00d3N\",\"isPartOf\":{\"@id\":\"https:\/\/aula-cecca.es\/wp_xeral_25_02\/#website\"},\"datePublished\":\"2018-03-21T18:21:02+00:00\",\"dateModified\":\"2018-04-18T09:56:50+00:00\",\"inLanguage\":\"es\",\"potentialAction\":[{\"@type\":\"ReadAction\",\"target\":[\"https:\/\/aula-cecca.es\/wp_xeral_25_02\/contacto\/\"]}]},{\"@type\":\"WebSite\",\"@id\":\"https:\/\/aula-cecca.es\/wp_xeral_25_02\/#website\",\"url\":\"https:\/\/aula-cecca.es\/wp_xeral_25_02\/\",\"name\":\"CECCA FORMACI\u00d3N\",\"description\":\"CECCA FORMACI\u00d3N centra su actividad en la formaci\u00f3n de trabajadores y est\u00e1 especializada en formaci\u00f3n OnLine\",\"potentialAction\":[{\"@type\":\"SearchAction\",\"target\":{\"@type\":\"EntryPoint\",\"urlTemplate\":\"https:\/\/aula-cecca.es\/wp_xeral_25_02\/?s={search_term_string}\"},\"query-input\":\"required name=search_term_string\"}],\"inLanguage\":\"es\"}]}<\/script>\n<!-- \/ Yoast SEO plugin. -->","yoast_head_json":{"title":"Contacto - CECCA FORMACI\u00d3N","robots":{"index":"index","follow":"follow","max-snippet":"max-snippet:-1","max-image-preview":"max-image-preview:large","max-video-preview":"max-video-preview:-1"},"canonical":"https:\/\/aula-cecca.es\/wp_xeral_25_02\/contacto\/","og_locale":"es_ES","og_type":"article","og_title":"Contacto - CECCA FORMACI\u00d3N","og_description":"[vc_row full_width=\u00bbstretch_row\u00bb limit_row_width=\u00bb\u00bb full_height_row=\u00bb\u00bb css=\u00bb.vc_custom_1493997701876{padding-bottom: 100px !important;}\u00bb][vc_column offset=\u00bbvc_col-lg-6&#8243; css=\u00bb.vc_custom_1470256986500{padding-top: 30px !important;padding-bottom: 30px !important;}\u00bb][vc_column_text] Informaci\u00f3n de contacto [\/vc_column_text][vc_row_inner][vc_column_inner][vc_separator align=\u00bbalign_left\u00bb border_width=\u00bb4&#8243; el_width=\u00bb20&#8243; css=\u00bb.vc_custom_1493993778787{margin-bottom: 4px !important;}\u00bb][\/vc_column_inner][\/vc_row_inner][vc_row_inner][vc_column_inner width=\u00bb1\/2&#8243;][vc_cta h2=\u00bb\u00bb style=\u00bbcustom\u00bb add_icon=\u00bbleft\u00bb i_type=\u00bbnucleo_outline\u00bb i_icon_nucleo_outline=\u00bbnc-icon-outline ui-3_phone\u00bb i_color=\u00bbcustom\u00bb i_on_border=\u00bbtrue\u00bb i_custom_color=\u00bb#b9e85c\u00bb css=\u00bb.vc_custom_1521656726461{margin-left: 15px !important;padding-top: 0px !important;padding-bottom: 0px !important;}\u00bb]Tel\u00e9fono 982 53 33 47[\/vc_cta][\/vc_column_inner][vc_column_inner width=\u00bb1\/2&#8243;][vc_cta h2=\u00bb\u00bb style=\u00bbcustom\u00bb add_icon=\u00bbleft\u00bb i_type=\u00bbnucleo_outline\u00bb i_icon_nucleo_outline=\u00bbnc-icon-outline ui-1_email-85&#8243; i_color=\u00bbcustom\u00bb i_on_border=\u00bbtrue\u00bb i_custom_color=\u00bb#b9e85c\u00bb css=\u00bb.vc_custom_1524045462005{margin-left:Seguir leyendo","og_url":"https:\/\/aula-cecca.es\/wp_xeral_25_02\/contacto\/","og_site_name":"CECCA FORMACI\u00d3N","article_modified_time":"2018-04-18T09:56:50+00:00","twitter_card":"summary_large_image","twitter_misc":{"Tiempo de lectura":"2 minutos"},"schema":{"@context":"https:\/\/schema.org","@graph":[{"@type":"WebPage","@id":"https:\/\/aula-cecca.es\/wp_xeral_25_02\/contacto\/","url":"https:\/\/aula-cecca.es\/wp_xeral_25_02\/contacto\/","name":"Contacto - CECCA FORMACI\u00d3N","isPartOf":{"@id":"https:\/\/aula-cecca.es\/wp_xeral_25_02\/#website"},"datePublished":"2018-03-21T18:21:02+00:00","dateModified":"2018-04-18T09:56:50+00:00","inLanguage":"es","potentialAction":[{"@type":"ReadAction","target":["https:\/\/aula-cecca.es\/wp_xeral_25_02\/contacto\/"]}]},{"@type":"WebSite","@id":"https:\/\/aula-cecca.es\/wp_xeral_25_02\/#website","url":"https:\/\/aula-cecca.es\/wp_xeral_25_02\/","name":"CECCA FORMACI\u00d3N","description":"CECCA FORMACI\u00d3N centra su actividad en la formaci\u00f3n de trabajadores y est\u00e1 especializada en formaci\u00f3n OnLine","potentialAction":[{"@type":"SearchAction","target":{"@type":"EntryPoint","urlTemplate":"https:\/\/aula-cecca.es\/wp_xeral_25_02\/?s={search_term_string}"},"query-input":"required name=search_term_string"}],"inLanguage":"es"}]}},"_links":{"self":[{"href":"https:\/\/aula-cecca.es\/wp_xeral_25_02\/wp-json\/wp\/v2\/pages\/5804"}],"collection":[{"href":"https:\/\/aula-cecca.es\/wp_xeral_25_02\/wp-json\/wp\/v2\/pages"}],"about":[{"href":"https:\/\/aula-cecca.es\/wp_xeral_25_02\/wp-json\/wp\/v2\/types\/page"}],"author":[{"embeddable":true,"href":"https:\/\/aula-cecca.es\/wp_xeral_25_02\/wp-json\/wp\/v2\/users\/2"}],"replies":[{"embeddable":true,"href":"https:\/\/aula-cecca.es\/wp_xeral_25_02\/wp-json\/wp\/v2\/comments?post=5804"}],"version-history":[{"count":7,"href":"https:\/\/aula-cecca.es\/wp_xeral_25_02\/wp-json\/wp\/v2\/pages\/5804\/revisions"}],"predecessor-version":[{"id":6010,"href":"https:\/\/aula-cecca.es\/wp_xeral_25_02\/wp-json\/wp\/v2\/pages\/5804\/revisions\/6010"}],"wp:attachment":[{"href":"https:\/\/aula-cecca.es\/wp_xeral_25_02\/wp-json\/wp\/v2\/media?parent=5804"}],"curies":[{"name":"wp","href":"https:\/\/api.w.org\/{rel}","templated":true}]}}