{"id":5988,"date":"2018-04-18T11:12:35","date_gmt":"2018-04-18T09:12:35","guid":{"rendered":"http:\/\/cecca.cloudxeral.com\/?page_id=5988"},"modified":"2024-02-28T22:32:57","modified_gmt":"2024-02-28T21:32:57","slug":"cecca-formacion","status":"publish","type":"page","link":"https:\/\/aula-cecca.es\/wp_xeral_25_02\/cecca-formacion\/","title":{"rendered":"CECCA-formaci\u00f3n"},"content":{"rendered":"<p>[vc_row css=\u00bb.vc_custom_1524216891662{padding-top: 60px !important;padding-bottom: 60px !important;}\u00bb][vc_column width=\u00bb1\/2&#8243;][vc_single_image image=\u00bb6026&#8243; img_size=\u00bbfull\u00bb][\/vc_column][vc_column width=\u00bb1\/2&#8243;][vc_column_text]<\/p>\n<p style=\"text-align: justify;\">CECCA-formaci\u00f3n surgi\u00f3 en julio de 1.992 centrando su actividad en la preparaci\u00f3n de oposiciones, ense\u00f1anzas medias y universitarias. Dos a\u00f1os m\u00e1s tarde, con la incorporaci\u00f3n de la inform\u00e1tica a su oferta formativa da el salto a la <strong>FORMACI\u00d3N CONTINUA<\/strong>, hecho este que ha supuesto un detonante para la incorporaci\u00f3n de nuevas \u00e1reas a las ya existentes.<\/p>\n<p style=\"text-align: justify;\">A partir del 1.998 la <strong>XUNTA DE GALICIA<\/strong> homologa 11 especialidades de <strong>FORMACI\u00d3N OCUPACIONAL <\/strong>que permiten impartir acciones formativas a \u00a0Desempleados y Ocupados as\u00ed como numerosos <strong>CERTIFICADOS DE PROFESIONALIDAD<\/strong> coordinados, tanto por distintas conseller\u00edas a nivel auton\u00f3mico, como por el SEPE mediante planes de formaci\u00f3n estatales.<\/p>\n<p style=\"text-align: justify;\">Adem\u00e1s de la formaci\u00f3n, CECCA, ha llevado a cabo labores de <strong>gesti\u00f3n documental<\/strong>, <strong>captaci\u00f3n de alumnos, captaci\u00f3n de empresas, selecci\u00f3n de profesores,<\/strong> <strong>tareas comerciales <\/strong>y relativas a la <strong>elaboraci\u00f3n de material did\u00e1ctico<\/strong>, entre otras.<\/p>\n<p style=\"text-align: justify;\">Todo ello ha supuesto un paso decisivo en su evoluci\u00f3n ya que, por una parte, gracias a este flujo de alumnos ha sido posible dotar al centro de los <strong>recursos<\/strong> humanos y materiales necesarios y, por otra, confeccionar una <strong>base de datos<\/strong> que abarca la pr\u00e1ctica totalidad de las empresas de la zona y buena parte de los trabajadores de las mismas, aspecto este \u00faltimo de vital importancia a la hora de programar la distintas acciones formativas.<\/p>\n<p style=\"text-align: justify;\">Este sentido y en colaboraci\u00f3n con distintas <strong>administraciones, organizaciones sindicales, empresariales o consultoras <\/strong>se han desarrollado un amplio y variado elenco de acciones formativas, llegando a muchas de las empresas y trabajadores no solo de Sarria, sino de localidades m\u00e1s o menos cercanos (Monterroso, Chantada, Becerre\u00e1, L\u00e1ncara, Samos, Triacastela, P\u00e1ramo, Lugo,&#8230;)<\/p>\n<p>[\/vc_column_text][\/vc_column][\/vc_row]<\/p>\n","protected":false},"excerpt":{"rendered":"<p>[vc_row css=\u00bb.vc_custom_1524216891662{padding-top: 60px !important;padding-bottom: 60px !important;}\u00bb][vc_column width=\u00bb1\/2&#8243;][vc_single_image image=\u00bb6026&#8243; img_size=\u00bbfull\u00bb][\/vc_column][vc_column width=\u00bb1\/2&#8243;][vc_column_text] CECCA-formaci\u00f3n surgi\u00f3 en julio de 1.992 centrando su actividad en la preparaci\u00f3n de oposiciones, ense\u00f1anzas medias y universitarias. Dos a\u00f1os m\u00e1s tarde, con la incorporaci\u00f3n de la inform\u00e1tica a su oferta formativa da el salto a la FORMACI\u00d3N CONTINUA, hecho este que ha supuesto un<a class=\"read-more\" href=\"https:\/\/aula-cecca.es\/wp_xeral_25_02\/cecca-formacion\/\">Seguir leyendo <i class=\"fa fa-angle-right fa-lg\"><\/i><\/a><\/p>\n","protected":false},"author":2,"featured_media":0,"parent":0,"menu_order":0,"comment_status":"closed","ping_status":"closed","template":"","meta":{"content-type":"","_monsterinsights_skip_tracking":false,"_monsterinsights_sitenote_active":false,"_monsterinsights_sitenote_note":"","_monsterinsights_sitenote_category":0,"footnotes":""},"yoast_head":"<!-- This site is optimized with the Yoast SEO plugin v22.1 - https:\/\/yoast.com\/wordpress\/plugins\/seo\/ -->\n<title>CECCA-formaci\u00f3n - CECCA FORMACI\u00d3N<\/title>\n<meta name=\"robots\" content=\"index, follow, max-snippet:-1, max-image-preview:large, max-video-preview:-1\" \/>\n<link rel=\"canonical\" href=\"https:\/\/aula-cecca.es\/wp_xeral_25_02\/cecca-formacion\/\" \/>\n<meta property=\"og:locale\" content=\"es_ES\" \/>\n<meta property=\"og:type\" content=\"article\" \/>\n<meta property=\"og:title\" content=\"CECCA-formaci\u00f3n - CECCA FORMACI\u00d3N\" \/>\n<meta property=\"og:description\" content=\"[vc_row css=\u00bb.vc_custom_1524216891662{padding-top: 60px !important;padding-bottom: 60px !important;}\u00bb][vc_column width=\u00bb1\/2&#8243;][vc_single_image image=\u00bb6026&#8243; img_size=\u00bbfull\u00bb][\/vc_column][vc_column width=\u00bb1\/2&#8243;][vc_column_text] CECCA-formaci\u00f3n surgi\u00f3 en julio de 1.992 centrando su actividad en la preparaci\u00f3n de oposiciones, ense\u00f1anzas medias y universitarias. Dos a\u00f1os m\u00e1s tarde, con la incorporaci\u00f3n de la inform\u00e1tica a su oferta formativa da el salto a la FORMACI\u00d3N CONTINUA, hecho este que ha supuesto unSeguir leyendo\" \/>\n<meta property=\"og:url\" content=\"https:\/\/aula-cecca.es\/wp_xeral_25_02\/cecca-formacion\/\" \/>\n<meta property=\"og:site_name\" content=\"CECCA FORMACI\u00d3N\" \/>\n<meta property=\"article:modified_time\" content=\"2024-02-28T21:32:57+00:00\" \/>\n<meta name=\"twitter:card\" content=\"summary_large_image\" \/>\n<meta name=\"twitter:label1\" content=\"Tiempo de lectura\" \/>\n\t<meta name=\"twitter:data1\" content=\"2 minutos\" \/>\n<script type=\"application\/ld+json\" class=\"yoast-schema-graph\">{\"@context\":\"https:\/\/schema.org\",\"@graph\":[{\"@type\":\"WebPage\",\"@id\":\"https:\/\/aula-cecca.es\/wp_xeral_25_02\/cecca-formacion\/\",\"url\":\"https:\/\/aula-cecca.es\/wp_xeral_25_02\/cecca-formacion\/\",\"name\":\"CECCA-formaci\u00f3n - CECCA FORMACI\u00d3N\",\"isPartOf\":{\"@id\":\"https:\/\/aula-cecca.es\/wp_xeral_25_02\/#website\"},\"datePublished\":\"2018-04-18T09:12:35+00:00\",\"dateModified\":\"2024-02-28T21:32:57+00:00\",\"inLanguage\":\"es\",\"potentialAction\":[{\"@type\":\"ReadAction\",\"target\":[\"https:\/\/aula-cecca.es\/wp_xeral_25_02\/cecca-formacion\/\"]}]},{\"@type\":\"WebSite\",\"@id\":\"https:\/\/aula-cecca.es\/wp_xeral_25_02\/#website\",\"url\":\"https:\/\/aula-cecca.es\/wp_xeral_25_02\/\",\"name\":\"CECCA FORMACI\u00d3N\",\"description\":\"CECCA FORMACI\u00d3N centra su actividad en la formaci\u00f3n de trabajadores y est\u00e1 especializada en formaci\u00f3n OnLine\",\"potentialAction\":[{\"@type\":\"SearchAction\",\"target\":{\"@type\":\"EntryPoint\",\"urlTemplate\":\"https:\/\/aula-cecca.es\/wp_xeral_25_02\/?s={search_term_string}\"},\"query-input\":\"required name=search_term_string\"}],\"inLanguage\":\"es\"}]}<\/script>\n<!-- \/ Yoast SEO plugin. -->","yoast_head_json":{"title":"CECCA-formaci\u00f3n - CECCA FORMACI\u00d3N","robots":{"index":"index","follow":"follow","max-snippet":"max-snippet:-1","max-image-preview":"max-image-preview:large","max-video-preview":"max-video-preview:-1"},"canonical":"https:\/\/aula-cecca.es\/wp_xeral_25_02\/cecca-formacion\/","og_locale":"es_ES","og_type":"article","og_title":"CECCA-formaci\u00f3n - CECCA FORMACI\u00d3N","og_description":"[vc_row css=\u00bb.vc_custom_1524216891662{padding-top: 60px !important;padding-bottom: 60px !important;}\u00bb][vc_column width=\u00bb1\/2&#8243;][vc_single_image image=\u00bb6026&#8243; img_size=\u00bbfull\u00bb][\/vc_column][vc_column width=\u00bb1\/2&#8243;][vc_column_text] CECCA-formaci\u00f3n surgi\u00f3 en julio de 1.992 centrando su actividad en la preparaci\u00f3n de oposiciones, ense\u00f1anzas medias y universitarias. Dos a\u00f1os m\u00e1s tarde, con la incorporaci\u00f3n de la inform\u00e1tica a su oferta formativa da el salto a la FORMACI\u00d3N CONTINUA, hecho este que ha supuesto unSeguir leyendo","og_url":"https:\/\/aula-cecca.es\/wp_xeral_25_02\/cecca-formacion\/","og_site_name":"CECCA FORMACI\u00d3N","article_modified_time":"2024-02-28T21:32:57+00:00","twitter_card":"summary_large_image","twitter_misc":{"Tiempo de lectura":"2 minutos"},"schema":{"@context":"https:\/\/schema.org","@graph":[{"@type":"WebPage","@id":"https:\/\/aula-cecca.es\/wp_xeral_25_02\/cecca-formacion\/","url":"https:\/\/aula-cecca.es\/wp_xeral_25_02\/cecca-formacion\/","name":"CECCA-formaci\u00f3n - CECCA FORMACI\u00d3N","isPartOf":{"@id":"https:\/\/aula-cecca.es\/wp_xeral_25_02\/#website"},"datePublished":"2018-04-18T09:12:35+00:00","dateModified":"2024-02-28T21:32:57+00:00","inLanguage":"es","potentialAction":[{"@type":"ReadAction","target":["https:\/\/aula-cecca.es\/wp_xeral_25_02\/cecca-formacion\/"]}]},{"@type":"WebSite","@id":"https:\/\/aula-cecca.es\/wp_xeral_25_02\/#website","url":"https:\/\/aula-cecca.es\/wp_xeral_25_02\/","name":"CECCA FORMACI\u00d3N","description":"CECCA FORMACI\u00d3N centra su actividad en la formaci\u00f3n de trabajadores y est\u00e1 especializada en formaci\u00f3n OnLine","potentialAction":[{"@type":"SearchAction","target":{"@type":"EntryPoint","urlTemplate":"https:\/\/aula-cecca.es\/wp_xeral_25_02\/?s={search_term_string}"},"query-input":"required name=search_term_string"}],"inLanguage":"es"}]}},"_links":{"self":[{"href":"https:\/\/aula-cecca.es\/wp_xeral_25_02\/wp-json\/wp\/v2\/pages\/5988"}],"collection":[{"href":"https:\/\/aula-cecca.es\/wp_xeral_25_02\/wp-json\/wp\/v2\/pages"}],"about":[{"href":"https:\/\/aula-cecca.es\/wp_xeral_25_02\/wp-json\/wp\/v2\/types\/page"}],"author":[{"embeddable":true,"href":"https:\/\/aula-cecca.es\/wp_xeral_25_02\/wp-json\/wp\/v2\/users\/2"}],"replies":[{"embeddable":true,"href":"https:\/\/aula-cecca.es\/wp_xeral_25_02\/wp-json\/wp\/v2\/comments?post=5988"}],"version-history":[{"count":6,"href":"https:\/\/aula-cecca.es\/wp_xeral_25_02\/wp-json\/wp\/v2\/pages\/5988\/revisions"}],"predecessor-version":[{"id":6260,"href":"https:\/\/aula-cecca.es\/wp_xeral_25_02\/wp-json\/wp\/v2\/pages\/5988\/revisions\/6260"}],"wp:attachment":[{"href":"https:\/\/aula-cecca.es\/wp_xeral_25_02\/wp-json\/wp\/v2\/media?parent=5988"}],"curies":[{"name":"wp","href":"https:\/\/api.w.org\/{rel}","templated":true}]}}