{"id":6003,"date":"2018-04-18T11:51:12","date_gmt":"2018-04-18T09:51:12","guid":{"rendered":"http:\/\/cecca.cloudxeral.com\/?page_id=6003"},"modified":"2018-04-20T11:37:18","modified_gmt":"2018-04-20T09:37:18","slug":"instalaciones","status":"publish","type":"page","link":"https:\/\/aula-cecca.es\/wp_xeral_25_02\/instalaciones\/","title":{"rendered":"Instalaciones"},"content":{"rendered":"<p>[vc_row css=\u00bb.vc_custom_1524217154054{padding-top: 60px !important;padding-bottom: 60px !important;}\u00bb][vc_column width=\u00bb1\/2&#8243;][vc_single_image image=\u00bb6068&#8243; img_size=\u00bbfull\u00bb][\/vc_column][vc_column width=\u00bb1\/2&#8243;][vc_column_text]<\/p>\n<h2>Aulas, espacios formativos y materiales:<\/h2>\n<p style=\"text-align: justify;\"><strong>CECCA-formaci\u00f3n<\/strong> dispone actualmente para el desarrollo de su actividad de un local de 212 m2 en el que se encuentran las distintas aulas, locales de direcci\u00f3n , coordinaci\u00f3n y salas de profesores ubicado en Sarria (Lugo) C.\/ Diego Pazos 91, P-3.<\/p>\n<p style=\"text-align: justify;\">Cuenta con <strong>aulas<\/strong> con capacidad para 30 alumnos equipadas para la ense\u00f1anza de la inform\u00e1tica dotadas de conexi\u00f3n a internet con ADSL, un PC por alumno, video proyectores, retroproyectores, tv, dvd.. escaners, impresoras&#8230;<\/p>\n<p style=\"text-align: justify;\"><strong>MATERIAL:<\/strong> M\u00e1s de 85 ordenadores para uso de alumnos dentro de las instalaciones y una importante dotaci\u00f3n de recursos (ordenadores, Video-proyectores, v\u00eddeos, TV, videoc\u00e1mara, impresoras, esc\u00e1ner, retroproyectores, pizarras, papel\u00f3grafos, libros, revistas \u2026) para la organizaci\u00f3n de acciones formativas fuera del centro.<\/p>\n<p style=\"text-align: justify;\"><strong>OTRAS LOCALIDADES:<\/strong> Adem\u00e1s de los cursos y actividades llevados a cabo en el propio centro se ha impartido formaci\u00f3n en localidades como Lugo, Monterroso, Chantada, Becerre\u00e1, Puebla de San Juli\u00e1n, Samos, Triacastela y P\u00e1ramo\u2026<\/p>\n<p style=\"text-align: justify;\"><strong>SECTORES:<\/strong> Hosteler\u00eda, alimentaci\u00f3n, comercio, despachos y oficinas r\u00e9gimen especial agrario, intersectorial&#8230;<\/p>\n<p>[\/vc_column_text][\/vc_column][\/vc_row]<\/p>\n","protected":false},"excerpt":{"rendered":"<p>[vc_row css=\u00bb.vc_custom_1524217154054{padding-top: 60px !important;padding-bottom: 60px !important;}\u00bb][vc_column width=\u00bb1\/2&#8243;][vc_single_image image=\u00bb6068&#8243; img_size=\u00bbfull\u00bb][\/vc_column][vc_column width=\u00bb1\/2&#8243;][vc_column_text] Aulas, espacios formativos y materiales: CECCA-formaci\u00f3n dispone actualmente para el desarrollo de su actividad de un local de 212 m2 en el que se encuentran las distintas aulas, locales de direcci\u00f3n , coordinaci\u00f3n y salas de profesores ubicado en Sarria (Lugo) C.\/ Diego Pazos 91,<a class=\"read-more\" href=\"https:\/\/aula-cecca.es\/wp_xeral_25_02\/instalaciones\/\">Seguir leyendo <i class=\"fa fa-angle-right fa-lg\"><\/i><\/a><\/p>\n","protected":false},"author":2,"featured_media":0,"parent":0,"menu_order":0,"comment_status":"closed","ping_status":"closed","template":"","meta":{"content-type":"","_monsterinsights_skip_tracking":false,"_monsterinsights_sitenote_active":false,"_monsterinsights_sitenote_note":"","_monsterinsights_sitenote_category":0,"footnotes":""},"yoast_head":"<!-- This site is optimized with the Yoast SEO plugin v22.1 - https:\/\/yoast.com\/wordpress\/plugins\/seo\/ -->\n<title>Instalaciones - CECCA FORMACI\u00d3N<\/title>\n<meta name=\"robots\" content=\"index, follow, max-snippet:-1, max-image-preview:large, max-video-preview:-1\" \/>\n<link rel=\"canonical\" href=\"https:\/\/aula-cecca.es\/wp_xeral_25_02\/instalaciones\/\" \/>\n<meta property=\"og:locale\" content=\"es_ES\" \/>\n<meta property=\"og:type\" content=\"article\" \/>\n<meta property=\"og:title\" content=\"Instalaciones - CECCA FORMACI\u00d3N\" \/>\n<meta property=\"og:description\" content=\"[vc_row css=\u00bb.vc_custom_1524217154054{padding-top: 60px !important;padding-bottom: 60px !important;}\u00bb][vc_column width=\u00bb1\/2&#8243;][vc_single_image image=\u00bb6068&#8243; img_size=\u00bbfull\u00bb][\/vc_column][vc_column width=\u00bb1\/2&#8243;][vc_column_text] Aulas, espacios formativos y materiales: CECCA-formaci\u00f3n dispone actualmente para el desarrollo de su actividad de un local de 212 m2 en el que se encuentran las distintas aulas, locales de direcci\u00f3n , coordinaci\u00f3n y salas de profesores ubicado en Sarria (Lugo) C.\/ Diego Pazos 91,Seguir leyendo\" \/>\n<meta property=\"og:url\" content=\"https:\/\/aula-cecca.es\/wp_xeral_25_02\/instalaciones\/\" \/>\n<meta property=\"og:site_name\" content=\"CECCA FORMACI\u00d3N\" \/>\n<meta property=\"article:modified_time\" content=\"2018-04-20T09:37:18+00:00\" \/>\n<meta name=\"twitter:card\" content=\"summary_large_image\" \/>\n<meta name=\"twitter:label1\" content=\"Tiempo de lectura\" \/>\n\t<meta name=\"twitter:data1\" content=\"1 minuto\" \/>\n<script type=\"application\/ld+json\" class=\"yoast-schema-graph\">{\"@context\":\"https:\/\/schema.org\",\"@graph\":[{\"@type\":\"WebPage\",\"@id\":\"https:\/\/aula-cecca.es\/wp_xeral_25_02\/instalaciones\/\",\"url\":\"https:\/\/aula-cecca.es\/wp_xeral_25_02\/instalaciones\/\",\"name\":\"Instalaciones - CECCA FORMACI\u00d3N\",\"isPartOf\":{\"@id\":\"https:\/\/aula-cecca.es\/wp_xeral_25_02\/#website\"},\"datePublished\":\"2018-04-18T09:51:12+00:00\",\"dateModified\":\"2018-04-20T09:37:18+00:00\",\"inLanguage\":\"es\",\"potentialAction\":[{\"@type\":\"ReadAction\",\"target\":[\"https:\/\/aula-cecca.es\/wp_xeral_25_02\/instalaciones\/\"]}]},{\"@type\":\"WebSite\",\"@id\":\"https:\/\/aula-cecca.es\/wp_xeral_25_02\/#website\",\"url\":\"https:\/\/aula-cecca.es\/wp_xeral_25_02\/\",\"name\":\"CECCA FORMACI\u00d3N\",\"description\":\"CECCA FORMACI\u00d3N centra su actividad en la formaci\u00f3n de trabajadores y est\u00e1 especializada en formaci\u00f3n OnLine\",\"potentialAction\":[{\"@type\":\"SearchAction\",\"target\":{\"@type\":\"EntryPoint\",\"urlTemplate\":\"https:\/\/aula-cecca.es\/wp_xeral_25_02\/?s={search_term_string}\"},\"query-input\":\"required name=search_term_string\"}],\"inLanguage\":\"es\"}]}<\/script>\n<!-- \/ Yoast SEO plugin. -->","yoast_head_json":{"title":"Instalaciones - CECCA FORMACI\u00d3N","robots":{"index":"index","follow":"follow","max-snippet":"max-snippet:-1","max-image-preview":"max-image-preview:large","max-video-preview":"max-video-preview:-1"},"canonical":"https:\/\/aula-cecca.es\/wp_xeral_25_02\/instalaciones\/","og_locale":"es_ES","og_type":"article","og_title":"Instalaciones - CECCA FORMACI\u00d3N","og_description":"[vc_row css=\u00bb.vc_custom_1524217154054{padding-top: 60px !important;padding-bottom: 60px !important;}\u00bb][vc_column width=\u00bb1\/2&#8243;][vc_single_image image=\u00bb6068&#8243; img_size=\u00bbfull\u00bb][\/vc_column][vc_column width=\u00bb1\/2&#8243;][vc_column_text] Aulas, espacios formativos y materiales: CECCA-formaci\u00f3n dispone actualmente para el desarrollo de su actividad de un local de 212 m2 en el que se encuentran las distintas aulas, locales de direcci\u00f3n , coordinaci\u00f3n y salas de profesores ubicado en Sarria (Lugo) C.\/ Diego Pazos 91,Seguir leyendo","og_url":"https:\/\/aula-cecca.es\/wp_xeral_25_02\/instalaciones\/","og_site_name":"CECCA FORMACI\u00d3N","article_modified_time":"2018-04-20T09:37:18+00:00","twitter_card":"summary_large_image","twitter_misc":{"Tiempo de lectura":"1 minuto"},"schema":{"@context":"https:\/\/schema.org","@graph":[{"@type":"WebPage","@id":"https:\/\/aula-cecca.es\/wp_xeral_25_02\/instalaciones\/","url":"https:\/\/aula-cecca.es\/wp_xeral_25_02\/instalaciones\/","name":"Instalaciones - CECCA FORMACI\u00d3N","isPartOf":{"@id":"https:\/\/aula-cecca.es\/wp_xeral_25_02\/#website"},"datePublished":"2018-04-18T09:51:12+00:00","dateModified":"2018-04-20T09:37:18+00:00","inLanguage":"es","potentialAction":[{"@type":"ReadAction","target":["https:\/\/aula-cecca.es\/wp_xeral_25_02\/instalaciones\/"]}]},{"@type":"WebSite","@id":"https:\/\/aula-cecca.es\/wp_xeral_25_02\/#website","url":"https:\/\/aula-cecca.es\/wp_xeral_25_02\/","name":"CECCA FORMACI\u00d3N","description":"CECCA FORMACI\u00d3N centra su actividad en la formaci\u00f3n de trabajadores y est\u00e1 especializada en formaci\u00f3n OnLine","potentialAction":[{"@type":"SearchAction","target":{"@type":"EntryPoint","urlTemplate":"https:\/\/aula-cecca.es\/wp_xeral_25_02\/?s={search_term_string}"},"query-input":"required name=search_term_string"}],"inLanguage":"es"}]}},"_links":{"self":[{"href":"https:\/\/aula-cecca.es\/wp_xeral_25_02\/wp-json\/wp\/v2\/pages\/6003"}],"collection":[{"href":"https:\/\/aula-cecca.es\/wp_xeral_25_02\/wp-json\/wp\/v2\/pages"}],"about":[{"href":"https:\/\/aula-cecca.es\/wp_xeral_25_02\/wp-json\/wp\/v2\/types\/page"}],"author":[{"embeddable":true,"href":"https:\/\/aula-cecca.es\/wp_xeral_25_02\/wp-json\/wp\/v2\/users\/2"}],"replies":[{"embeddable":true,"href":"https:\/\/aula-cecca.es\/wp_xeral_25_02\/wp-json\/wp\/v2\/comments?post=6003"}],"version-history":[{"count":4,"href":"https:\/\/aula-cecca.es\/wp_xeral_25_02\/wp-json\/wp\/v2\/pages\/6003\/revisions"}],"predecessor-version":[{"id":6095,"href":"https:\/\/aula-cecca.es\/wp_xeral_25_02\/wp-json\/wp\/v2\/pages\/6003\/revisions\/6095"}],"wp:attachment":[{"href":"https:\/\/aula-cecca.es\/wp_xeral_25_02\/wp-json\/wp\/v2\/media?parent=6003"}],"curies":[{"name":"wp","href":"https:\/\/api.w.org\/{rel}","templated":true}]}}

<p>[vc_row css=».vc_custom_1524217154054{padding-top: 60px !important;padding-bottom: 60px !important;}»][vc_column width=»1/2&#8243;][vc_single_image image=»6068&#8243; img_size=»full»][/vc_column][vc_column width=»1/2&#8243;][vc_column_text]</p>
<h2>Aulas, espacios formativos y materiales:</h2>
<p style="text-align: justify;"><strong>CECCA-formación</strong> dispone actualmente para el desarrollo de su actividad de un local de 212 m2 en el que se encuentran las distintas aulas, locales de dirección , coordinación y salas de profesores ubicado en Sarria (Lugo) C./ Diego Pazos 91, P-3.</p>
<p style="text-align: justify;">Cuenta con <strong>aulas</strong> con capacidad para 30 alumnos equipadas para la enseñanza de la informática dotadas de conexión a internet con ADSL, un PC por alumno, video proyectores, retroproyectores, tv, dvd.. escaners, impresoras&#8230;</p>
<p style="text-align: justify;"><strong>MATERIAL:</strong> Más de 85 ordenadores para uso de alumnos dentro de las instalaciones y una importante dotación de recursos (ordenadores, Video-proyectores, vídeos, TV, videocámara, impresoras, escáner, retroproyectores, pizarras, papelógrafos, libros, revistas …) para la organización de acciones formativas fuera del centro.</p>
<p style="text-align: justify;"><strong>OTRAS LOCALIDADES:</strong> Además de los cursos y actividades llevados a cabo en el propio centro se ha impartido formación en localidades como Lugo, Monterroso, Chantada, Becerreá, Puebla de San Julián, Samos, Triacastela y Páramo…</p>
<p style="text-align: justify;"><strong>SECTORES:</strong> Hostelería, alimentación, comercio, despachos y oficinas régimen especial agrario, intersectorial&#8230;</p>
<p>[/vc_column_text][/vc_column][/vc_row]</p>

<p>[vc_row css=».vc_custom_1524217154054{padding-top: 60px !important;padding-bottom: 60px !important;}»][vc_column width=»1/2&#8243;][vc_single_image image=»6068&#8243; img_size=»full»][/vc_column][vc_column width=»1/2&#8243;][vc_column_text] Aulas, espacios formativos y materiales: CECCA-formación dispone actualmente para el desarrollo de su actividad de un local de 212 m2 en el que se encuentran las distintas aulas, locales de dirección , coordinación y salas de profesores ubicado en Sarria (Lugo) C./ Diego Pazos 91,<a class="read-more" href="https://aula-cecca.es/wp_xeral_25_02/instalaciones/">Seguir leyendo <i class="fa fa-angle-right fa-lg"></i></a></p>

<!-- This site is optimized with the Yoast SEO plugin v22.1 - https://yoast.com/wordpress/plugins/seo/ -->
<title>Instalaciones - CECCA FORMACIÓN</title>
<meta name="robots" content="index, follow, max-snippet:-1, max-image-preview:large, max-video-preview:-1" />
<link rel="canonical" href="https://aula-cecca.es/wp_xeral_25_02/instalaciones/" />
<meta property="og:locale" content="es_ES" />
<meta property="og:type" content="article" />
<meta property="og:title" content="Instalaciones - CECCA FORMACIÓN" />
<meta property="og:description" content="[vc_row css=».vc_custom_1524217154054{padding-top: 60px !important;padding-bottom: 60px !important;}»][vc_column width=»1/2&#8243;][vc_single_image image=»6068&#8243; img_size=»full»][/vc_column][vc_column width=»1/2&#8243;][vc_column_text] Aulas, espacios formativos y materiales: CECCA-formación dispone actualmente para el desarrollo de su actividad de un local de 212 m2 en el que se encuentran las distintas aulas, locales de dirección , coordinación y salas de profesores ubicado en Sarria (Lugo) C./ Diego Pazos 91,Seguir leyendo" />
<meta property="og:url" content="https://aula-cecca.es/wp_xeral_25_02/instalaciones/" />
<meta property="og:site_name" content="CECCA FORMACIÓN" />
<meta property="article:modified_time" content="2018-04-20T09:37:18+00:00" />
<meta name="twitter:card" content="summary_large_image" />
<meta name="twitter:label1" content="Tiempo de lectura" />
	<meta name="twitter:data1" content="1 minuto" />
<script type="application/ld+json" class="yoast-schema-graph">{"@context":"https://schema.org","@graph":[{"@type":"WebPage","@id":"https://aula-cecca.es/wp_xeral_25_02/instalaciones/","url":"https://aula-cecca.es/wp_xeral_25_02/instalaciones/","name":"Instalaciones - CECCA FORMACIÓN","isPartOf":{"@id":"https://aula-cecca.es/wp_xeral_25_02/#website"},"datePublished":"2018-04-18T09:51:12+00:00","dateModified":"2018-04-20T09:37:18+00:00","inLanguage":"es","potentialAction":[{"@type":"ReadAction","target":["https://aula-cecca.es/wp_xeral_25_02/instalaciones/"]}]},{"@type":"WebSite","@id":"https://aula-cecca.es/wp_xeral_25_02/#website","url":"https://aula-cecca.es/wp_xeral_25_02/","name":"CECCA FORMACIÓN","description":"CECCA FORMACIÓN centra su actividad en la formación de trabajadores y está especializada en formación OnLine","potentialAction":[{"@type":"SearchAction","target":{"@type":"EntryPoint","urlTemplate":"https://aula-cecca.es/wp_xeral_25_02/?s={search_term_string}"},"query-input":"required name=search_term_string"}],"inLanguage":"es"}]}</script>
<!-- / Yoast SEO plugin. -->

Instalaciones - CECCA FORMACIÓN

[vc_row css=».vc_custom_1524217154054{padding-top: 60px !important;padding-bottom: 60px !important;}»][vc_column width=»1/2&#8243;][vc_single_image image=»6068&#8243; img_size=»full»][/vc_column][vc_column width=»1/2&#8243;][vc_column_text] Aulas, espacios formativos y materiales: CECCA-formación dispone actualmente para el desarrollo de su actividad de un local de 212 m2 en el que se encuentran las distintas aulas, locales de dirección , coordinación y salas de profesores ubicado en Sarria (Lugo) C./ Diego Pazos 91,Seguir leyendo

CECCA FORMACIÓN

CECCA FORMACIÓN centra su actividad en la formación de trabajadores y está especializada en formación OnLine
